y + t = 5*i - 2*i. Let c = i + 1. What are the prime factors of c?
23
Let p = -14 + 16. Suppose 0*l - 74 = -p*l. What are the prime factors of l?
37
Let a = -6 + 22. Suppose z + 26 = -3*f, f + 2*z + a = 4. What are the prime factors of (0 - -27)/((-12)/f)?
2, 3
Let l be (-4)/(-4) + (1 - 2) + 1. Let g(p) = 131*p**2 - 5*p + 1. What are the prime factors of g(l)?
127
Suppose 0 = -4*b - 4*z + 20, b + 4*z + 0 - 20 = 0. Suppose b = 2*k + l - 346, -2*k + 5*l = -k - 184. List the prime factors of k.
2, 3, 29
Let o(r) = -177*r - 1. Let u = 57 + -58. List the prime factors of o(u).
2, 11
Let q(j) = j**3 - 11*j**2 - 12*j + 5. Let b be q(12). Suppose h + b - 26 = 0. What are the prime factors of h?
3, 7
Let p(d) = -d**2 + 10*d + 11. Let c be p(11). Suppose -5*z - 9 + 39 = c. Suppose 3*m - z*m - k = -58, 5*m - 4*k = 125. List the prime factors of m.
3, 7
Suppose 145 = b - 806. What are the prime factors of b?
3, 317
Let a(s) = 2021*s**3 - 11*s**2 + 10*s. What are the prime factors of a(1)?
2, 5, 101
Let l = -3929 + 7506. List the prime factors of 4/18 - l/(-63).
3, 19
Suppose -d = 3*r, 0 = -2*d + 5*r - r + 10. Suppose -v + 41 = d*l, -11 = -v + 3*l - 0*l. List the prime factors of v.
2, 13
Let h be 18/12*(-8)/6. Let d be (1 - 3)*10/(-4). Let x = d - h. List the prime factors of x.
7
Suppose 0 = 4*d - 2*d. Let x = 0 - d. Suppose 2*y + 5*n - 24 = x, -y - 3*n + 7*n = 14. List the prime factors of y.
2
Let j = -5 + 9. Suppose -j*i = 3*a - 138 - 26, -5*a + 3*i + 225 = 0. List the prime factors of a.
2, 3
Let u be (7/(-14))/(1/2). Let h be (3 - 8) + 1 + u. What are the prime factors of ((-27)/6)/(h/40)?
2, 3
Let d(b) = 7*b + b**2 + 4 + 9*b - 10*b - 2. Let k = -21 - -14. What are the prime factors of d(k)?
3
Suppose 24*c + 77724 = 75*c. List the prime factors of c.
2, 3, 127
Let p be (-121)/(-22) + 3/(-2). Suppose p*x - 6 = 6. Suppose 90 + 99 = x*g. What are the prime factors of g?
3, 7
Let h(w) = 98*w + 29. List the prime factors of h(12).
5, 241
Let d(s) = 158*s + 5. Let z be d(2). Let y = z - 222. List the prime factors of y.
3, 11
Let z = 13 + -7. Let t be 2/z - (-33)/9. Suppose -t*u = -2*w + 52 + 12, 2*u = -w + 24. List the prime factors of w.
2, 7
Suppose j = -3, -8*t + 2 = -4*t + 2*j. Let d(b) = -2*b**2 - 2*b**t + 1 - 3*b**3 - b + 3*b**2 + 10*b**3. What are the prime factors of d(1)?
2, 3
Let d(c) = 3*c - 8. Let v be 128/(-72) - (-4)/(-18). Let o(s) = -s + 3. Let x be o(v). List the prime factors of d(x).
7
Let c(n) = -39*n**2 - 4*n - 10. Let z be c(-2). Let f = z - -435. What are the prime factors of f?
277
Let v = -5 - -9. Suppose 2*n = o + v*o, 3*n = 5*o. Suppose 23 = g - 4*p, o = 2*g - 3*g - 4*p + 7. What are the prime factors of g?
3, 5
Suppose -4*b - 4*a = -5*a - 1678, -2*a = 4*b - 1684. Suppose 4*l = -2*l + b. List the prime factors of l.
2, 5, 7
Suppose -10*u = -2*u. Suppose -n = -u*q - 2*q - 14, -2*n + 27 = -5*q. What are the prime factors of n?
2
Let o(i) = -i**3 + 2*i**2 + 2*i + 3. Let d be o(3). Suppose d = -p - 4*p + 4*b - 10, b = 5*p - 5. Suppose 2*t = -p*t + 88. What are the prime factors of t?
2, 11
Suppose 5 = n - 4. Suppose 3*m = n*m. Suppose m*s = -2*s + 114. What are the prime factors of s?
3, 19
Let d = 323 + -48. List the prime factors of d.
5, 11
Let l(y) be the third derivative of -y**4/12 - y**3/6 - y**2. Let q = -1 - 17. What are the prime factors of l(q)?
5, 7
Suppose 19*q + 17264 = 35*q. What are the prime factors of q?
13, 83
Suppose -2*z + 34 - 218 = -u, -2*u + 368 = -2*z. What are the prime factors of u?
2, 23
Let k = -11 - -11. Let r = k - -4. Suppose r*b - 6 = b. What are the prime factors of b?
2
Suppose 10*l = -6*l + 14128. List the prime factors of l.
883
Let w be ((-2 - 0) + 3)*-3. Let p = w - 4. Let c = p - -15. List the prime factors of c.
2
Let v be (-2)/(1*1/(-5)). Let p(g) = 3*g**2 + 20*g + 4. Let k be p(-6). Let h = v + k. List the prime factors of h.
2
Let g = -151 + 370. Let w = -103 + g. Suppose w = -d + 5*d. What are the prime factors of d?
29
Suppose -y - 1437 = -4*i - 2*y, -i + 338 = -4*y. List the prime factors of i.
2, 179
Let w be (-15)/(15/320*-2). Let i = w - 21. What are the prime factors of i?
139
Let v(k) = -k**2 - 6*k + 8. Let d be v(-5). Let c = 13 - d. Suppose 44 = -c*g + g + r, 0 = -4*g + r + 201. List the prime factors of g.
7
Let c(q) = 0*q**2 + 9*q + 9*q**2 - q**2. List the prime factors of c(-4).
2, 23
Suppose 11*i - 2760 = 7*i. Suppose 5*t = -t + i. Suppose t = 3*m + 2*m. List the prime factors of m.
23
Suppose -3*d = -9*d + 894. Suppose d = 5*k - 406. List the prime factors of k.
3, 37
Suppose 3*w = 2*v - 318, 4*v = -2*w - 184 + 788. What are the prime factors of v?
3, 17
List the prime factors of (-9)/(252/(-2779))*8.
2, 397
Suppose 2348 = 4*l - 5*t + 406, 5*l - 2430 = 5*t. List the prime factors of l.
2, 61
Let h be ((-266)/8 + 0)*(5 - 1). Let v = h - -189. What are the prime factors of v?
2, 7
Suppose -4*o - 4 - 8 = 2*s, 0 = -s + 2*o - 2. What are the prime factors of ((-3105)/20)/(-3) - (-3)/s?
3, 17
Suppose 8*m - 17*m + 6651 = 0. List the prime factors of m.
739
Let w = 8698 + -2820. List the prime factors of w.
2, 2939
Suppose -4*g - 114*s + 8703 = -109*s, 4*g + s = 8707. What are the prime factors of g?
7, 311
Let w(i) = i + 2. Let g(d) = -d - 3. Let n be g(-3). Suppose 3*h - 39 + n = 0. What are the prime factors of w(h)?
3, 5
Let f = 3648 + -1446. List the prime factors of f.
2, 3, 367
Suppose 3*v - 35 = -m, -62 + 172 = 5*m + 2*v. What are the prime factors of m?
2, 5
Let d be 1*(-3)/(-9)*888. Suppose -3*r + 403 = -d. What are the prime factors of r?
233
Let o be (6/6)/((-2)/(-22)). Let q = o + -7. Suppose r = 5*i - 30, -5*i = -q*r - 13 - 17. What are the prime factors of i?
2, 3
Suppose w = 2*i - 1643, 2*i - 5*w = -2*i + 3283. Suppose 6*o - 4*o = 4*f - i, f + o - 213 = 0. What are the prime factors of f?
2, 13
Let u(x) = -x**3 - 7*x**2 + 8*x - 1. Let n be u(-8). Let r = 72 - n. What are the prime factors of r?
73
Suppose -15 = -5*t, -2*d = 8*t - 4*t - 9676. List the prime factors of d.
2, 151
Suppose -5*c + 26 = 5*n - 9, -10 = -5*n. Suppose 0 = 4*g, -v + 62 = -c*g - 38. What are the prime factors of v?
2, 5
Suppose -4*a + 5*r + 3 = 0, 2*a - 2*r = -r - 3. Let c be (-7 + -2)/a + 77. Let u = c - 35. List the prime factors of u.
3, 5
What are the prime factors of (2 + 811)*50/150?
271
Let x = 36 - 26. Let n be x/6 + (-12)/(-36). Suppose n*w - 26 = 2*d, -w - 5*d + 0 = 5. List the prime factors of w.
2, 5
List the prime factors of ((-46776)/96 + 5)/(6/(-32)).
2, 643
Let m(c) = -c**3 + 10*c**2 + 2*c - 4. Let b be m(10). Let f be -6 + b + (0 - 3). What are the prime factors of (-257)/(-7) + 2/f?
37
Let k(j) = -j**3 - 24*j**2 + 50*j - 119. List the prime factors of k(-28).
3, 7, 11
Suppose -187*b - 33000 = -211*b. What are the prime factors of b?
5, 11
Let m(b) = b**3 + 7*b**2 - 7*b + 14. What are the prime factors of m(-7)?
3, 7
Suppose 0 = -x + 2. Let c be 4/6 + -2776*6/(-72). Suppose -h + m = -78, -x*h - 5*m - c = -5*h. List the prime factors of h.
79
Let a be (-34)/153 - 56/(-9). Let l be 3/(0 + a)*8. What are the prime factors of l + 12/4 + 0?
7
Suppose -3*v + 662 = 4*x, -2*v - 89 = -x + 71. What are the prime factors of x?
2, 41
Let s(l) = -124*l - 239. What are the prime factors of s(-13)?
1373
Suppose 5*n + 983 = -3*h, -5*n = -4*n + h + 195. Let g = n - -372. List the prime factors of g.
173
Suppose 0 = 4*a - 2*a. Suppose 3*n - 7*n = a. Suppose 2*t + 3*s - 61 = n, -3*t + s + 73 = -t. List the prime factors of t.
5, 7
Suppose -256*h = -271*h + 89940. What are the prime factors of h?
2, 1499
Suppose -5*j = -j - 8. Suppose -17 = j*m + a, -a = 4*m + 52 - 21. Let b(x) = x**3 + 9*x**2 + 6*x + 15. List the prime factors of b(m).
71
Suppose 3*g + 36 = -36. Let l be (5 - 2 - g) + -1. Let i = -6 + l. What are the prime factors of i?
2, 5
Let f = -8 - -32. Suppose 8*c - 2*c - f = 0. What are the prime factors of -4 + (30 - -2 - c)?
2, 3
Suppose 22*k + 5095 = 14269. What are the prime factors of k?
3, 139
Let y(n) = 4*n**2 + 45*n + 44. List the prime factors of y(-13).
3, 5
Let p = 3 - -4. Let w = p + -7. Suppose -5*z + 3*z + 24 = w. What are the prime factors of z?
2, 3
Suppose 0 = 2*v + 4, -4*v - 5 = -2*r - 1. What are the prime factors of (r + 197/1)*2/6?
5, 13
Let w(m) = -m**2 + 12*m +